divisor of 6492 and 204.
12
What is the highest common factor of 792 and 49599?
99
Calculate the greatest common factor of 2472 and 126381.
309
Calculate the highest common divisor of 376 and 18988.
188
What is the greatest common factor of 22365 and 10185?
105
What is the greatest common divisor of 2457 and 9737?
91
What is the highest common factor of 672121 and 5161?
397
Calculate the greatest common factor of 13 and 2094209.
13
Calculate the highest common factor of 8205 and 190356.
1641
What is the highest common factor of 1090123 and 9757?
887
Calculate the greatest common factor of 3870 and 9390.
30
What is the greatest common factor of 155 and 69843?
31
Calculate the greatest common divisor of 56 and 36694.
14
Calculate the greatest common divisor of 437511 and 123.
123
What is the greatest common divisor of 694 and 6706122?
694
What is the greatest common factor of 6 and 5272782?
6
What is the highest common factor of 486 and 283500?
162
Calculate the greatest common factor of 34412 and 1008.
28
What is the greatest common factor of 359 and 1393279?
359
What is the greatest common factor of 858682 and 1518?
506
What is the greatest common factor of 707 and 24543?
101
Calculate the greatest common divisor of 114 and 820971.
57
What is the greatest common factor of 25552 and 40?
8
What is the greatest common divisor of 246 and 287?
41
Calculate the greatest common factor of 4475 and 30967.
179
Calculate the greatest common divisor of 415752 and 1938.
102
Calculate the greatest common factor of 30 and 217335.
15
Calculate the highest common divisor of 296497 and 17.
17
What is the highest common divisor of 69 and 829?
1
Calculate the highest common divisor of 805608 and 216.
72
What is the greatest common divisor of 344 and 473?
43
What is the highest common divisor of 904 and 269844?
452
What is the greatest common divisor of 2 and 119835?
1
What is the highest common divisor of 455 and 628810?
455
Calculate the highest common divisor of 245 and 448595.
245
Calculate the highest common factor of 69992 and 3952.
104
Calculate the greatest common factor of 661732 and 152.
76
What is the greatest common factor of 1341 and 486?
9
Calculate the highest common factor of 93365 and 30885.
355
Calculate the highest common divisor of 7 and 74809.
7
What is the greatest common divisor of 130740 and 350?
10
What is the greatest common factor of 7 and 139629?
7
Calculate the highest common factor of 3503 and 62000.
31
What is the highest common divisor of 810887 and 7?
7
What is the highest common factor of 32566 and 2812?
38
Calculate the greatest common factor of 7241 and 5941.
13
What is the highest common divisor of 1794 and 10350?
138
Calculate the highest common factor of 225 and 2367.
9
What is the highest common divisor of 69546 and 2595?
519
What is the greatest common divisor of 81 and 393579?
81
Calculate the highest common divisor of 231 and 253.
11
Calculate the highest common factor of 6 and 822.
6
Calculate the highest common divisor of 746 and 1798606.
746
Calculate the highest common factor of 840 and 1115940.
420
What is the highest common divisor of 14672 and 176?
16
Calculate the greatest common factor of 5 and 2810.
5
Calculate the highest common factor of 7840 and 9280.
160
What is the highest common factor of 295 and 2168545?
295
Calculate the highest common divisor of 28104 and 201.
3
What is the highest common divisor of 217616 and 804?
268
Calculate the highest common factor of 66270 and 126.
6
Calculate the greatest common factor of 21 and 5411.
7
Calculate the greatest common factor of 15420 and 13500.
60
Calculate the greatest common divisor of 20315 and 272.
17
What is the greatest common divisor of 210 and 196770?
210
Calculate the greatest common factor of 978612 and 6.
6
Calculate the highest common divisor of 29900 and 1456.
52
Calculate the highest common divisor of 297 and 18887121.
297
Calculate the greatest common factor of 237413 and 113.
113
Calculate the highest common factor of 5830 and 1350.
10
What is the greatest common factor of 930 and 3152390?
310
What is the highest common factor of 1113 and 7707?
21
What is the highest common divisor of 66 and 18843?
33
Calculate the highest common divisor of 665 and 72905.
35
Calculate the greatest common factor of 58776 and 6076.
124
What is the greatest common divisor of 11 and 179729?
11
Calculate the highest common divisor of 297 and 1342.
11
What is the highest common factor of 552 and 73761?
69
What is the highest common divisor of 13817 and 11111?
41
Calculate the highest common factor of 3337949 and 202.
101
Calculate the greatest common factor of 420 and 667380.
420
Calculate the greatest common factor of 61824 and 48.
48
What is the highest common divisor of 44 and 59852?
4
Calculate the greatest common divisor of 13368 and 56.
8
What is the greatest common factor of 3100 and 90148?
124
Calculate the highest common factor of 161 and 321977.
23
Calculate the greatest common divisor of 2395 and 28261.
479
What is the greatest common factor of 1120302 and 9136?
1142
What is the highest common divisor of 975 and 572975?
325
Calculate the greatest common factor of 1874846 and 358.
358
What is the greatest common divisor of 116430 and 60?
30
Calculate the greatest common divisor of 14 and 47663.
7
Calculate the highest common factor of 729891 and 108.
27
Calculate the highest common divisor of 25 and 41675.
25
What is the highest common factor of 1425 and 8075?
475
Calculate the greatest common factor of 35 and 674345.
35
Calculate the greatest common divisor of 1649 and 17.
17
Calculate the highest common divisor of 186 and 29636.
62
What is the highest common divisor of 110 and 55385?
55
What is the greatest common factor of 2433 and 4869?
3
What is the highest common divisor of 570 and 480?
30
Calculate the greatest common divisor of 1225 and 69895.
35
Calculate the greatest common factor of 9072 and 4968.
216
What is the highest common factor of 403 and 5921?
31
What is the greatest common factor of 2856 and 2048568?
408
Calculate the greatest common divisor of 504 and 2415672.
504
What is the highest common divisor of 98 and 588490?
98
Calculate the greatest common divisor of 164268 and 39852.
972
Calculate the highest common factor of 35570 and 2.
2
What is the greatest common factor of 40625 and 4225?
325
Calculate the greatest common factor of 288 and 685152.
288
Calculate the highest common divisor of 1581252 and 18.
6
Calculate the greatest common divisor of 2492 and 265220.
356
Calculate the highest common factor of 68745 and 243.
3
What is the greatest common divisor of 65263 and 66?
11
What is the greatest common divisor of 116 and 710036?
116
What is the highest common divisor of 25736 and 216?
8
What is the highest common divisor of 16 and 6778?
2
What is the greatest common divisor of 1940 and 790?
10
Calculate the greatest common factor of 13376 and 2717.
209
Calculate the highest common divisor of 1666 and 12614.
238
Calculate the highest common factor of 1046 and 8068.
2
Calculate the highest common divisor of 1782 and 49467.
33
What is the highest common divisor of 85 and 857820?
85
Calculate the highest common factor of 1131 and 3627.
39
Calculate the highest common divisor of 35 and 87500.
35
What is the greatest common divisor of 2479725 and 8667?
963
What is the highest common divisor of 54 and 16986?
6
Calculate the greatest common factor of 61 and 23180.
61
What is the highest common divisor of 11773 and 2440?
61
What is the highest common divisor of 6732 and 252?
36
Calculate the highest common divisor of 8030 and 1430.
110
Calculate the highest common factor of 9331752 and 24.
24
Calculate the greatest common divisor of 525 and 41155.
5
Calculate the greatest common divisor of 8215 and 212.
53
Calculate the highest common divisor of 40581 and 542583.
1503
What is the greatest common divisor of 124 and 437596?
124
What is the highest common divisor of 40541 and 213?
71
What is the highest common divisor of 9648 and 36864?
144
Calculate the highest common factor of 6474 and 50298.
498
What is the greatest common divisor of 725 and 3509?
29
What is the highest common factor of 7158 and 156?
6
What is the highest common factor of 22 